).
35
Let q(z) = 3*z**2 - 6*z + 3. Calculate q(6).
75
Let b(n) = -2*n**2 + 10*n + 14. What is b(6)?
2
Let u(h) = -17*h + 180. Give u(11).
-7
Let a(h) = h**3 + 49*h**2 - 103*h - 41. Determine a(-51).
10
Let x(n) = -n**2 - 12*n - 38. Give x(-7).
-3
Let h(o) = 3*o + 7. Determine h(-3).
-2
Let m(i) = 2*i**3 + 13*i**2 - 27*i - 29. Determine m(-8).
-5
Let x(k) = k**3 + 19*k**2 + 18*k - 2. Determine x(-18).
-2
Let t(v) = -v**2 - 27*v + 199. Determine t(-33).
1
Let t(h) = -h**3 - 10*h**2 - 23*h - 10. Give t(-4).
-14
Let j(r) = -r + 7. Give j(-3).
10
Let b(z) = 2*z + 17. Give b(38).
93
Let b(n) = -6*n**2 - 6*n + 3. Give b(1).
-9
Let r(f) = f**2 + 6*f + 8. Determine r(-6).
8
Let v(t) = -t**2 + 5*t + 11. Calculate v(8).
-13
Let h(i) = i**3 - 2*i**2 + 4*i + 9. Determine h(-2).
-15
Let q(t) = 4*t**3 + 5*t**2 + 3*t - 4. Calculate q(-2).
-22
Let k(s) = 104*s - 725. Calculate k(7).
3
Let t(u) = 3*u**2 - 10*u - 10. What is t(4)?
-2
Let q(i) = i**2 - 5*i - 12. Determine q(6).
-6
Let h(t) = 24*t - 146. Give h(6).
-2
Let h(u) = u**3 + 7*u**2 - 19*u - 12. What is h(-9)?
-3
Let v(j) = j + 12. Calculate v(5).
17
Let a(o) = o**3 - 2*o**2 - o - 3. What is a(0)?
-3
Let h(k) = 2*k**2 + 2*k + 2. Calculate h(-4).
26
Let t(m) = m**2 + m - 27. Determine t(-5).
-7
Let l(a) = -2*a**2 + 3*a + 6. Determine l(-5).
-59
Let w(p) = -p**2 + 3*p - 10. Determine w(4).
-14
Let b(s) = s**3 + 2*s**2 + 2*s. Give b(-3).
-15
Let t(v) = -3*v**3 - v**2 - v. Calculate t(-2).
22
Let c(f) = 27*f - 9. Calculate c(-2).
-63
Let h(d) = -2*d**2 + 6*d + 10. Give h(7).
-46
Let u(k) = -3*k**2 + 3*k + 6. Determine u(0).
6
Let c(y) = -y**2 - 20*y - 42. Calculate c(-16).
22
Let p(d) = d**2 + 57*d + 252. Calculate p(-52).
-8
Let k(a) = a**3 + 6*a**2 + 7. Calculate k(-4).
39
Let w(k) = k**2 + 15*k + 1. Give w(0).
1
Let n(h) = h**3 + 12*h**2 + 12*h + 11. What is n(-11)?
0
Let d(o) = o**3 - 19*o**2 - 20*o + 2. Give d(20).
2
Let l(h) = -2*h - 4. Determine l(4).
-12
Let d(q) = q**3 - 6*q**2 + 2*q - 2. What is d(6)?
10
Let o(n) = -n**2 + 7*n + 4. What is o(5)?
14
Let u(n) = -3*n**2 - 3. Calculate u(-4).
-51
Let w(t) = -t**2 + 14*t + 6. Calculate w(18).
-66
Let d(j) = -j**2 + 16*j - 53. What is d(8)?
11
Let i(v) = -19*v - 37. Determine i(-2).
1
Let q(v) = v + 1. Determine q(-5).
-4
Let f(a) = 5*a**2 + 24*a + 3. What is f(-6)?
39
Let n(v) = v**2 + 2*v + 7. Give n(-3).
10
Let i(v) = 3*v**2 + 11*v + 1. Determine i(-3).
-5
Let v(q) = q - 33. Give v(-3).
-36
Let o(p) = 9*p**2 + 5*p - 20. Calculate o(3).
76
Let c(i) = -22*i**2 + 200*i - 17. Calculate c(9).
1
Let x(s) = s**2 + 39*s - 78. Determine x(2).
4
Let j(g) = -4*g - 2. Calculate j(7).
-30
Let i(t) = t**2 - 3*t - 8. Calculate i(7).
20
Let t(r) = -7*r - 134. Give t(-18).
-8
Let s(t) = t - 8. Determine s(4).
-4
Let k(j) = 13*j + 28. What is k(-3)?
-11
Let s(q) = 2*q**3 - 27*q**2 + 34*q - 279. What is s(13)?
-6
Let i(y) = 2*y**3 + y**2 + 2*y - 2. What is i(1)?
3
Let s(g) = -2*g - 20. Give s(-4).
-12
Let n(b) = 86*b - 78. Calculate n(1).
8
Let u(z) = -3*z**2 - 9*z + 15. Determine u(-5).
-15
Let c(g) = -g**3 - 3*g**2 + 10*g + 17. Calculate c(-4).
-7
Let k(i) = 6*i + 6. Determine k(6).
42
Let w(p) = -4*p**2 + 2*p + 1. Calculate w(2).
-11
Let r(v) = v**2 - 7*v - 48. Calculate r(-4).
-4
Let w(r) = r**3 + 7*r**2 + 2*r - 19. Determine w(-5).
21
Let t(k) = k**2 + 5*k - 3. Calculate t(-7).
11
Let a(d) = -d**2. Give a(0).
0
Let k(n) = n**3 - 41*n**2 + 78*n + 7. Determine k(39).
7
Let d(u) = u**3 - 8*u**2 + 6*u - 13. Calculate d(8).
35
Let v(u) = u + 3. Determine v(5).
8
Let h(n) = 2*n**3 + 11*n**2 - 16*n - 7. Determine h(-7).
-42
Let r(v) = v**2 - 8*v - 13. Determine r(10).
7
Let g(w) = w**3 + 9*w**2 - 12*w - 15. What is g(-10)?
5
Let n(j) = 5*j - 33. Determine n(12).
27
Let t(m) = 16*m + 18. Give t(5).
98
Let o(a) = -14*a - 17. Determine o(-2).
11
Let c(n) = -n**3 - 3*n**2 + 5*n + 4. Give c(-4).
0
Let o(t) = -2*t. Give o(-3).
6
Let k(p) = 2*p**3 - 17*p**2 + 9*p - 14. Calculate k(8).
-6
Let s(t) = t**2 + 14*t - 26. Determine s(2).
6
Let w(c) = -c**3 - 6*c**2 + 6*c - 1. Calculate w(-7).
6
Let s(r) = r**3 + 13*r**2 + 16*r - 19. What is s(-12)?
-67
Let p(h) = -2*h**2 - 8*h + 15. Determine p(2).
-9
Let q(f) = f**3 - 6*f**2 - 2*f + 10. Determine q(5).
-25
Let z(g) = -22*g**3 + g**2 - 2. Calculate z(-1).
21
Let r(j) = 4*j**3 + 2*j**2 - 4*j + 3. Determine r(1).
5
Let y(m) = -177*m - 528. What is y(-3)?
3
Let h(z) = 2*z**2 - 5*z + 4. Give h(2).
2
Let i(y) = -5*y - 2. Calculate i(-1).
3
Let a(x) = x**3 + 5*x**2 - 8*x - 9. Give a(-6).
3
Let b(c) = c**2 + 8*c - 9. What is b(-8)?
-9
Let h(p) = 5*p - 44. What is h(8)?
-4
Let o(i) = -i**3 + 14*i**2 - 25*i - 1. Give o(12).
-13
Let w(n) = n**3 + 5*n**2 - 5*n - 23. What is w(-4)?
13
Let i(w) = -w**2 - 4*w - 2. Give i(-1).
1
Let s(r) = -2*r**2 - 13*r + 29. Calculate s(-8).
5
Let b(d) = -d**2 - 15*d - 4. What is b(-15)?
-4
Let b(v) = 4*v**2 + 28*v - 2. Give b(-7).
-2
Let h(z) = -z**3 - 4*z**2 - 7. Calculate h(-5).
18
Let r(b) = b + 35. Determine r(-16).
19
Let o(g) = g**3 - 4*g**2 - 13*g + 15. What is o(6)?
9
Let h(b) = -2*b**3 - 9*b**2 - 8*b - 3. Give h(-3).
-6
Let f(z) = -20*z**3 + 3*z**2 - 3*z + 1. What is f(1)?
-19
Let b(s) = 7*s + 272. Give b(-37).
13
Let t(i) = i**2 + 2*i + 3. Determine t(2).
11
Let x(z) = -24*z + 649. Determine x(27).
1
Let j(w) = 231*w + 926. Calculate j(-4).
2
Let w(p) = p**2 + 2*p - 24. What is w(-4)?
-16
Let u(k) = k**2 + 3*k + 2. Calculate u(-1).
0
Let a(y) = 2*y**3 + 10*y**2 + 12*y + 35. Give a(-5).
-25
Let d(t) = -117*t - 246. Calculate d(-2).
-12
Let y(q) = -4*q - 50. Determine y(-9).
-14
Let j(o) = -o**2 - 2*o - 18. Give j(12).
-186
Let b(q) = 5*q - 94. Give b(19).
1
Let y(c) = -c**3 + 2*c**2 - 1. What is y(2)?
-1
Let a(q) = -q + 28. Determine a(34).
-6
Let t(d) = 20*d - 20. Give t(1).
0
Let i(c) = c**3 + 37*c**2 + 70*c + 2. Give i(-35).
2
Let u(b) = 2*b + 11. Calculate u(0).
11
Let k(d) = -30*d - 198. Calculate k(-7).
12
Let r(z) = 9*z + 284. What is r(-32)?
-4
Let v(t) = -3*t - 23. Calculate v(-8).
1
Let t(c) = c**2 - 16*c + 46. Give t(8).
-18
Let b(o) = -4*o + 8. Determine b(-12).
56
Let v(p) = -5*p**3 - 21*p**2 - 3*p + 14. Calculate v(-4).
10
Let q(l) = 6*l + 98. Give q(-10).
38
Let d(m) = m**2 + 15*m - 56. What is d(-18)?
-2
Let l(t) = 2*t**3 + 6*t**2 - 6*t + 17. Determine l(-4).
9
Let f(b) = -78*b**3 - 2*b**2 + 3*b - 2. What is f(1)?
-79
Let i(f) = f**3 + f**2 + 4*f + 6. Determine i(-3).
-24
Let u(f) = -f**3 + 2*f**2 + 14*f - 8. Determine u(5).
-13
Let b(w) = w**2 - 1. Calculate b(-2).
3
Let b(v) = -v - 17. Give b(7).
-24
Let s(z) = -z**3 + 4*z**2 + 24*z - 98. Give s(5).
-3
Let y(l) = l**3 - 10*l**2 - 14*l - 7. Determine y(11).
-40
Let h(i) = i**3 - 12*i**2 - 44*i - 21. Give h(15).
-6
Let q(s) = -s**2 + 11*s - 12. Give q(9).
6
Let s(o) = -2*o**2 - o + 6. Determine s(0).
6
Let o(v) = -6*v - 37. Calculate o(-7).
5
Let a(g) = -g + 1. Calculate a(-4).
5
Let q(v) = -v**3 + 6*v**2 + 9*v - 21. Calculate q(7).
-7
Let l(w) = -2*w - 30. Give l(-20).
10
Let j(h) = h**3 + 11*h**2 + 3*h + 7. What is j(-11)?
-26
Let w(x) = x**2 + 7*x + 2. Determine w(-6).
-4
Let x(k) = -k**3 - 4*k**2 - 3*k - 2. Give x(-3).
-2
Let c(z) = -z**2 - 4*z + 6. Determine c(-6).
-6
Let c(i) = -i**2 + 15*i - 33. Give c(11).
11
Let w(a) = -2*a**3 - 65*a**2 - 31*a + 63. What is w(-32)?
31
Let f(o) = -o**3 + 4*o**2 + 22*o + 4. Calculate f(7).
11
Let b(x) = x**2 - 2*x + 3. What is b(6)?
27
Let w(o) = o - 15. What is w(18)?
3
Let h(z) = 3*z**2 + 1. What is h(1)?
4
Let a(w) = 3*w + 8. Determine a(-5).
-7
Let q(p) = 3*p**2 - 2. What is q(-1)?
1
Let f(y) = y**2 + 2*y - 30. Calculate f(0).
-30
Let v(u) = -u + 26. Calculate v(18).
8
Let q(h) = -h + 1. Calculate q(3).
-2
Let g(x) = x - 8. What is g(-2)?
-10
Let b(a) = -a**2 - 6*a + 1. What is b(2)?
-15
Let n(x) = x + 5. What is n(-5)?
0
Let z(j) = 10*j + 18. Give z(-3).
-12
Let q(j) = j**3 - 11*j**2 - 2*j + 20. Give q(11).
-2
Let h(k) = -6*k + 17. What is h(4)?
-7
Let w(k) = k**2 + 22*k - 81. Give w(-25).
-6
Let z(t) = t**3 + 58*t - 117. Determine z(2).
7
Let k(o) = o**3 + 13*o**2 - 36*o - 31. Give k(-15).
59
Let b(k) = -9*k - 40. What is b(-5)?
5
Let g(y) = -2*y**2 + 17*y + 15. What is g(9)?
6
Let v(b) = -64*b + 2. Calculate v(-1).
66
Let n(h) = -h**2 - 30*h + 66. Determine n(-32).
2
Let y(a) = a**2 - 1